6*a, 5*s = -5*a + n. List the prime factors of a.
2, 397
Suppose 0 = -2*v + 3060 + 754. What are the prime factors of v?
1907
Let u(v) = -291*v - 471. Let o be u(9). Let s = -2129 - o. What are the prime factors of s?
31
Let o = -340 - -510. Let w = o + -542. What are the prime factors of (0/3)/2 - w/6?
2, 31
Let b(u) be the second derivative of u**5/20 + 7*u**4/6 - 8*u**3/3 + 6*u**2 + 1549*u. Let i be (-2 + -1)/((-2)/(-10)). What are the prime factors of b(i)?
3
Let n = -2724 - -9177. What are the prime factors of n?
3, 239
Let a(h) = 10*h**3 + h**2 - 28*h + 186. List the prime factors of a(8).
2, 31, 83
Let z be (-20)/12*54/(-15). Let i be ((-6)/(-4))/(z/8). Suppose -150 = -i*l + 4. What are the prime factors of l?
7, 11
What are the prime factors of (33/(-27) + (-8)/(-36))*(-2 - 17741)?
11, 1613
Suppose 3*h - 24*v + 27*v = 8613, 3*h + 4*v - 8609 = 0. List the prime factors of h.
5, 23
Suppose -14*y + 48 = -10*y. Let w = 72 - y. Let b = -56 + w. What are the prime factors of b?
2
Suppose -m + 143735 = 5*o, -51*o - 86241 = -54*o + 11*m. List the prime factors of o.
17, 19, 89
Let r = -8053 + 11955. List the prime factors of r.
2, 1951
Suppose 151*z = 96*z + 111760. List the prime factors of z.
2, 127
Let n = 12 - 12. Suppose n = 4*g - 3*z - 1879 + 417, 2*g = -z + 736. What are the prime factors of g?
367
Let s = 647 + -629. Let b(c) = c**3 - 7*c**2 + 5*c + 6. Let v be b(6). Suppose -5*a + s + 7 = v. What are the prime factors of a?
5
Let j = -18583 + 41742. What are the prime factors of j?
23159
Suppose -8 = -4*a - 44. Let p(k) = 1 + 7*k - 14*k + 3*k - 9. What are the prime factors of p(a)?
2, 7
Let x(n) = -12*n**2 - 3*n - 3. Let l be x(-3). Suppose -20*a - 1920 = -10*a. Let p = l - a. List the prime factors of p.
2, 3, 5
Let l be (-1)/8 - 10730/(-80). Suppose l - 13 = -2*d + 3*n, -d - 4*n - 33 = 0. Let s = -20 - d. What are the prime factors of s?
3, 11
Let t be (-4 + 1 - -3) + 2. Suppose -83*q + 84*q - 2 = 0. What are the prime factors of t/(-12)*-118*(q + 1)?
59
Let b = -15511 + 41040. List the prime factors of b.
7, 521
Let n(x) = x**2 + 7*x + 13. Let l be n(-5). Suppose -l*f - 8 + 5 = 0. What are the prime factors of 35/(-1*f/2)?
2, 5, 7
Let j = 556 - 531. Suppose -5*q = -j, 7*w - 5*q - 4675 = 3*w. List the prime factors of w.
5, 47
Let c = -81 + 139. Suppose -c + 23 = -7*b. Let m(f) = 5*f**2 - 6*f + 22. What are the prime factors of m(b)?
3, 13
Suppose 0 = 2*d - 4*c - 224, c - 549 = -5*d - 0*c. Let o = 188 + d. What are the prime factors of o?
2, 149
Suppose 5*n - 5 - 5 = 0. Let m = 4711 - 4665. Suppose 3*p + 75 = 5*s, -n*p + m = 5*s - 3*s. List the prime factors of s.
2, 3
Suppose 4*x - 8748 = -2*g, -17*g + 13106 = -14*g - 2*x. Suppose -4*t - 10*j + 5*j + 5825 = 0, -3*t + g = 5*j. What are the prime factors of t?
3, 5, 97
Suppose -n - 2 = -2*i, -3*n + 26 = 5*i - 1. Suppose 4*z + n*x = 5*z + 9, z - 2*x + 11 = 0. Let f(v) = -8*v - 6. List the prime factors of f(z).
2, 7
Let b be 3/2*(-8)/(-3). Suppose 3*y = b*y - 13. Suppose -8*c = -y*c + 370. List the prime factors of c.
2, 37
Let o be (11 - 13)/(0 - 1). Suppose 0 = -2*c + 2*v + 178, -o*c - 4*v + 141 + 25 = 0. Let m = c - -12. What are the prime factors of m?
3, 11
Suppose -5*i - 5*y = -50, -y + 43 = 4*i + 3. Suppose i = 3*m + 2*w - 9, 5*m + 3*w - 31 = 0. Suppose -m*f + 3*f = -166. List the prime factors of f.
83
Let u(b) = 81*b - 39. Let l be u(2). Suppose 2*o = 253 + l. What are the prime factors of o?
2, 47
Suppose -2 - 4 = -2*b. Suppose -b*n + 483 = -0*n. List the prime factors of n.
7, 23
What are the prime factors of 11901*((-6)/69 + 58/138)?
3967
Let g(q) = q**3 + 4*q**2 - 4*q - 4. Let m be g(-4). Let j be ((-4)/8)/(1*4/(-112)). Suppose m*y + 8 = j*y. List the prime factors of y.
2
Let v(k) = 3742*k + 2599. What are the prime factors of v(5)?
3, 7103
What are the prime factors of -22*(-3 + 2)*(-1170)/(-4)?
3, 5, 11, 13
Let v = 150 - -48. Let c = v + -157. List the prime factors of c.
41
Suppose -10*m + 10108 = -95275 - 40527. What are the prime factors of m?
14591
Suppose -3*t + 51259 = -23708. List the prime factors of t.
24989
Let c(t) = -7*t**3 + 28*t**2 - 45*t + 5*t**3 - 39 + t**3. What are the prime factors of c(25)?
3, 79
Suppose -a = 4*r - 5259, 0 = -3*a + 28*r - 32*r + 15809. List the prime factors of a.
5, 211
Suppose -2*d + 22 = 12, -d - 4699 = -4*o. Suppose o = -110*c + 124*c. List the prime factors of c.
2, 3, 7
Suppose -3*l = 12, 4*o + 126*l - 125*l = 13916. List the prime factors of o.
2, 3, 5, 29
Let f(z) be the second derivative of -z**5/10 + 19*z**4/12 - 11*z**3/6 - 8*z**2 + z. Let a be (-8)/(-32)*76 - 11. What are the prime factors of f(a)?
2, 11
Let w(f) = 236*f**2 - 3*f + 1. Suppose 4*m + 43 = 3*a + 14, 16 = 4*m. Suppose l - a*l + 14 = 0. List the prime factors of w(l).
2, 3, 13
Let c = 30089 + -16703. List the prime factors of c.
2, 3, 23, 97
Suppose -18548 = -51*t + 14806. Suppose 3*r = 5*g + t + 1500, -4*g = -4*r + 2880. List the prime factors of r.
3, 241
Let y(a) = -10*a + 5*a**2 - 8 + 22 + 3*a - 4*a**2. Let h be y(6). Suppose -4*u + 2*w = -556, h*u - 4*w = 3*u + 692. List the prime factors of u.
2, 5, 7
Suppose 0*b + 78 = 3*r + 3*b, 4*r = 4*b + 88. Let a be ((-258)/(-9))/(8/r). Suppose -i + a = i. What are the prime factors of i?
43
Suppose 0 = -4*k + 3*f - 7, 0*k - 33 = -4*k - 5*f. Suppose 0 = 4*v - 50 + k. Suppose 1216 = v*l - 4*l. List the prime factors of l.
2, 19
Let w be 48/20 - (-4)/(-10). Suppose -4*r + 3*r - 732 = -w*p, -1472 = -4*p - 2*r. Suppose 5*g - 498 = p. List the prime factors of g.
173
Let l(c) = -c**3 - 6*c**2 - 8*c - 4. Let o be (-3)/6*-20 + -2. Let b be (12/o)/(9/(-54)). List the prime factors of l(b).
311
Let d(r) = 54*r - 5. Let u(g) = -54*g + 6. Let t(n) = -3*d(n) - 2*u(n). Let x = 15 + -16. What are the prime factors of t(x)?
3, 19
Let w = -441 + 450. Let z(h) be the first derivative of -h**3/3 + 15*h**2/2 + 48*h - 10. What are the prime factors of z(w)?
2, 3, 17
Suppose 17*p = 6*p + 55. Suppose 3*v - 222 = 2*v + p*o, 3*o = 3*v - 618. List the prime factors of (7/((-7)/v))/(-2).
101
Let g(p) = -70*p + 11*p + 24251 - 24249. Let k be 2 - ((1 - -3) + -1). List the prime factors of g(k).
61
Suppose -2*k - 4*j - 28 = 0, 2*k + 14*j - 17*j + 14 = 0. What are the prime factors of (k*14/8)/(2/(-52))?
5, 7, 13
Let u(c) = -c**2 - 27*c - 110. Let p be u(-12). List the prime factors of p/(-4)*(-20)/(8 - 7).
2, 5, 7
Let p(a) = 4298*a - 13025. List the prime factors of p(8).
13, 31, 53
Let r = 7 + -3. Let a(q) be the second derivative of 35*q**3/6 - 19*q**2/2 - 3*q + 23. What are the prime factors of a(r)?
11
Suppose -316*w + 7016 = -344*w + 447848. What are the prime factors of w?
2, 3, 41
Suppose 2*d = -h + 15256, h - 4*d = -2*h + 45758. List the prime factors of h.
2, 29, 263
Let k(d) = 319*d**3 - 20*d**2 + 39*d + 11. List the prime factors of k(3).
7, 1223
Suppose 0 = -438*u + 482*u - 22220. What are the prime factors of u?
5, 101
Let n be -55*6/(-30)*47. What are the prime factors of (-4)/(-2) + -2 + n?
11, 47
Let l(k) = -2*k**3 + 2*k**2 - 16*k + 511. List the prime factors of l(-23).
3, 7, 139
Let t be (-27)/(-1)*1/1. Suppose 1822*d = 1814*d + 1424. Let p = d - t. List the prime factors of p.
151
Suppose -12 = -3*u - 4*k, -u = -3*k - 3 - 14. Suppose u*i - 200 = 4*i - v, -3*i + 149 = v. Let b = 202 + i. List the prime factors of b.
11, 23
Let r(w) = -w**3 - 7*w**2 - 8*w - 5. Let a be r(-6). Suppose 6*m + 14 = a*m. Suppose -13*n = -m*n + 83. What are the prime factors of n?
83
Suppose -4967 = -8*o + 2729. Let t = -336 + o. What are the prime factors of t?
2, 313
Let a = 16999 + -7558. List the prime factors of a.
3, 1049
Let j = -4523 - -9354. List the prime factors of j.
4831
Let z be (3/(-5))/((-5898)/(-1965) + -3). Let r = 656 + z. List the prime factors of r.
263
What are the prime factors of -9*(5 - 2632) + (-2 - -3)?
2, 23, 257
What are the prime factors of (0 - -44918) + (-12298)/(-473)?
2, 53
Let x = 283 - -46. Let h = x + -95. List the prime factors of h.
2, 3, 13
Suppose 12*i + 8667 = 207. Let h = i + 1135. What are the prime factors of h?
2, 5, 43
Let s(u) = -u**2 - u + 19. Let y be s(-7). Let i = y - -22. What are the prime factors of (3335/46)/(i/(-2))?
5, 29
Let j = -5786 + 28345. What are the prime factors of j?
17, 1327